emainder when 4780339 is divided by 137?
135
What is the remainder when 82568723 is divided by 191?
187
What is the remainder when 1118615 is divided by 4112?
151
Calculate the remainder when 1785013 is divided by 595.
13
What is the remainder when 11619496 is divided by 1659926?
14
Calculate the remainder when 2525731 is divided by 16508.
7
Calculate the remainder when 11007 is divided by 8037.
2970
What is the remainder when 9019222 is divided by 417?
346
Calculate the remainder when 78771 is divided by 458.
453
What is the remainder when 11885516 is divided by 271?
269
What is the remainder when 17673382 is divided by 444?
406
What is the remainder when 401533 is divided by 5371?
4079
What is the remainder when 3389 is divided by 2995?
394
What is the remainder when 46858 is divided by 625?
608
Calculate the remainder when 582422 is divided by 1900.
1022
Calculate the remainder when 1277679 is divided by 243.
228
Calculate the remainder when 5762158 is divided by 3360.
3118
What is the remainder when 1262050 is divided by 131?
127
What is the remainder when 187478 is divided by 59?
35
What is the remainder when 437129 is divided by 246?
233
What is the remainder when 616104 is divided by 7164?
0
What is the remainder when 4143201 is divided by 1381067?
0
Calculate the remainder when 84693 is divided by 1326.
1155
What is the remainder when 33767 is divided by 665?
517
Calculate the remainder when 116619407 is divided by 16.
15
What is the remainder when 11359292 is divided by 73?
54
What is the remainder when 2443978 is divided by 17333?
25
Calculate the remainder when 8627722 is divided by 441.
439
Calculate the remainder when 518013 is divided by 19.
16
What is the remainder when 4127942 is divided by 10665?
587
Calculate the remainder when 5134606 is divided by 92.
86
Calculate the remainder when 1367224 is divided by 124291.
23
Calculate the remainder when 1686456 is divided by 794.
0
What is the remainder when 14665103 is divided by 1222090?
23
Calculate the remainder when 2372063 is divided by 42356.
127
Calculate the remainder when 4491919 is divided by 2589.
4
Calculate the remainder when 95295729 is divided by 3837.
3834
What is the remainder when 193212 is divided by 64356?
144
What is the remainder when 876662 is divided by 1400?
262
What is the remainder when 539104 is divided by 178969?
2197
What is the remainder when 404501 is divided by 8793?
23
Calculate the remainder when 140927 is divided by 2607.
149
Calculate the remainder when 34793 is divided by 1057.
969
Calculate the remainder when 1612775 is divided by 2644.
2579
What is the remainder when 960128 is divided by 610?
598
Calculate the remainder when 51951 is divided by 8168.
2943
What is the remainder when 11853934 is divided by 45768?
22
What is the remainder when 77282 is divided by 37890?
1502
What is the remainder when 110585 is divided by 830?
195
Calculate the remainder when 6272 is divided by 5955.
317
Calculate the remainder when 1025870 is divided by 111.
8
Calculate the remainder when 1999813184 is divided by 333.
332
Calculate the remainder when 14077223 is divided by 30669.
152
Calculate the remainder when 361530 is divided by 16432.
26
What is the remainder when 1920658 is divided by 204?
202
Calculate the remainder when 18533317 is divided by 581.
579
What is the remainder when 537208 is divided by 80?
8
Calculate the remainder when 4041654 is divided by 2020827.
0
Calculate the remainder when 10877202 is divided by 8.
2
Calculate the remainder when 657918 is divided by 29.
24
What is the remainder when 1861997 is divided by 245?
242
What is the remainder when 13322643 is divided by 84?
75
Calculate the remainder when 1681723 is divided by 12185.
193
Calculate the remainder when 7248 is divided by 1589.
892
What is the remainder when 54277 is divided by 13055?
2057
Calculate the remainder when 612489 is divided by 258.
255
What is the remainder when 137546680 is divided by 1114?
1100
Calculate the remainder when 861208 is divided by 430592.
24
What is the remainder when 8297 is divided by 383?
254
What is the remainder when 4040808 is divided by 1010197?
20
Calculate the remainder when 60251 is divided by 14893.
679
Calculate the remainder when 34111 is divided by 3101.
0
What is the remainder when 25838057 is divided by 40059?
2
Calculate the remainder when 445061 is divided by 354.
83
What is the remainder when 165745 is divided by 207?
145
Calculate the remainder when 5330542 is divided by 1324.
118
What is the remainder when 244650 is divided by 30564?
138
Calculate the remainder when 248444 is divided by 3357.
26
What is the remainder when 817032 is divided by 431?
287
Calculate the remainder when 101436 is divided by 166.
10
Calculate the remainder when 3286557 is divided by 821637.
9
Calculate the remainder when 15662340 is divided by 5412.
12
What is the remainder when 55470 is divided by 9?
3
What is the remainder when 14838999 is divided by 1100?
1099
What is the remainder when 194500 is divided by 32030?
2320
What is the remainder when 7844 is divided by 286?
122
What is the remainder when 60547 is divided by 12088?
107
What is the remainder when 1199371 is divided by 132?
19
Calculate the remainder when 844135 is divided by 3890.
5
Calculate the remainder when 18803377 is divided by 43.
36
What is the remainder when 322388585 is divided by 6318?
6317
Calculate the remainder when 178993372 is divided by 46.
12
Calculate the remainder when 715202 is divided by 357590.
22
What is the remainder when 80627 is divided by 4029?
47
Calculate the remainder when 73874 is divided by 73702.
172
What is the remainder when 1300356 is divided by 325082?
28
Calculate the remainder when 1813962 is divided by 91.
59
Calculate the remainder when 15341491 is divided by 340922.
1
Calculate the remainder when 48865 is divided by 12206.
41
Calculate the remainder when 1248685 is divided by 107.
102
Calculate the remainder when 119481 is divided by 119350.
131
What is the remainder when 415906 is divided by 1927?
1601
What is the remainder when 77522 is divided by 45?
32
What is the remainder when 22452 is divided by 4104?
1932
Calculate the remainder when 65116 is divided by 382.
176
What is the remainder when 71960 is divided by 3977?
374
Calculate the remainder when 29252592 is divided by 387.
36
Calculate the remainder when 11659 is divided by 783.
697
What is the remainder when 13936950 is divided by 5684?
5466
What is the remainder when 82415007 is divided by 208?
207
Calculate the remainder when 345098 is divided by 1494.
1478
What is the remainder when 559206 is divided by 549?
324
Calculate the remainder when 41234 is divided by 85.
9
Calculate the remainder when 1658238 is divided by 414545.
58
What is the remainder when 3596451 is divided by 599408?
3
Calculate the remainder when 1321445 is divided by 1353.
917
Calculate the remainder when 3206257 is divided by 124.
113
Calculate the remainder when 1667691 is divided by 75803.
25
What is the remainder when 43572265 is divided by 289?
24
What is the remainder when 104919 is divided by 16418?
6411
What is the remainder when 2608307 is divided by 6071?
3848
What is the remainder when 1073867 is divided by 1400?
67
Calculate the remainder when 352939766 is divided by 3557.
3555
What is the remainder when 153330 is divided by 168?
114
Calculate the remainder when 149208 is divided by 149002.
206
What is the remainder when 813268 is divided by 18472?
500
What is the remainder when 8485421 is divided by 275?
21
What is the remainder when 17334732 is divided by 358?
14
What is the remainder when 11133738 is divided by 1676?
70
What is the remainder when 29328 is divided by 4764?
744
What is the remainder when 16283768 is divided by 1901?
1703
Calculate the remainder when 57189 is divided by 2486.
11
What is the remainder when 7876264 is divided by 656351?
52
What is the remainder when 122643898 is divided by 5550?
5548
What is the remainder when 117654 is divided by 29230?
734
What is the remainder when 88279162 is divided by 210?
202
Calculate the remainder when 102005 is divided by 2991.
311
What is the remainder when 378951 is divided by 20?
11
Calculate the remainder when 2622177 is divided by 179.
6
Cal